a prime number?
True
Is 122671 prime?
False
Is 2927 composite?
False
Is 1207 a composite number?
True
Is 102359 a prime number?
True
Is 109658 composite?
True
Is 230899 prime?
False
Is 4397 prime?
True
Is 17411 prime?
False
Is 363469 composite?
True
Is 580793 composite?
False
Is 20714 composite?
True
Is 391 prime?
False
Is 5129 composite?
True
Is 823117 a composite number?
False
Is 128879 prime?
True
Is 2804923 prime?
False
Is 3883 a prime number?
False
Is 59333 prime?
True
Is 11443 a composite number?
False
Is 37421 composite?
True
Is 6347 a composite number?
True
Is 5779 composite?
False
Is 101141 prime?
True
Is 76321 a composite number?
True
Is 235307 composite?
False
Is 44353 a prime number?
False
Is 509501 prime?
False
Is 32014 composite?
True
Is 339023 a composite number?
False
Is 305209 prime?
True
Is 33923 a prime number?
True
Is 169553 a composite number?
False
Is 9753 prime?
False
Is 96146 a prime number?
False
Is 21059 a prime number?
True
Is 1901 a prime number?
True
Is 2204779 prime?
False
Is 2476583 a prime number?
True
Is 265 composite?
True
Is 4427 a composite number?
True
Is 62911 composite?
True
Is 2369 a composite number?
True
Is 76639 prime?
False
Is 5578 prime?
False
Is 2477 composite?
False
Is 51269 composite?
True
Is 12706 a composite number?
True
Is 203 a composite number?
True
Is 31435 composite?
True
Is 15877 composite?
False
Is 34511 a prime number?
True
Is 2355517 a prime number?
True
Is 3491 composite?
False
Is 1218247 composite?
False
Is 5269 prime?
False
Is 255067 prime?
False
Is 3749 composite?
True
Is 1116647 composite?
True
Is 72763 prime?
True
Is 7817 a prime number?
True
Is 12661 prime?
False
Is 868663 a prime number?
True
Is 319857 prime?
False
Is 191779 a composite number?
True
Is 68467 prime?
False
Is 62635 a composite number?
True
Is 15659 a prime number?
False
Is 409951 a composite number?
False
Is 16729 a prime number?
True
Is 2061563 a prime number?
False
Is 1201323 composite?
True
Is 86587 prime?
True
Is 181457 a composite number?
False
Is 6139 composite?
True
Is 81599 a prime number?
False
Is 3793 a composite number?
False
Is 569863 a composite number?
True
Is 301831 a prime number?
True
Is 783931 a composite number?
False
Is 4618 prime?
False
Is 114107 a prime number?
False
Is 22297 a prime number?
False
Is 87931 composite?
False
Is 56537 a prime number?
False
Is 221797 a composite number?
False
Is 22217 prime?
False
Is 38849 a composite number?
True
Is 52651 composite?
True
Is 9242 composite?
True
Is 7283 a prime number?
True
Is 23245 a composite number?
True
Is 228181 composite?
False
Is 517553 prime?
True
Is 384961 a composite number?
False
Is 90033 prime?
False
Is 1207 prime?
False
Is 605357 a prime number?
False
Is 22823 a composite number?
True
Is 16123 composite?
True
Is 74747 a prime number?
True
Is 8997 a prime number?
False
Is 15959 a composite number?
False
Is 924115 prime?
False
Is 985 a composite number?
True
Is 41549 a composite number?
False
Is 6635 composite?
True
Is 842581 a composite number?
False
Is 259337 a composite number?
True
Is 3365 prime?
False
Is 17421 a composite number?
True
Is 2231 a composite number?
True
Is 12601 composite?
False
Is 6503 composite?
True
Is 97213 prime?
True
Is 55763 composite?
False
Is 206578 a composite number?
True
Is 3371 prime?
True
Is 209579 a prime number?
True
Is 2933534 prime?
False
Is 6521 a prime number?
True
Is 42659 composite?
True
Is 59951 composite?
False
Is 395191 a composite number?
False
Is 1337 composite?
True
Is 4049 prime?
True
Is 7121 a composite number?
False
Is 75451 prime?
False
Is 82151 composite?
True
Is 1739753 composite?
True
Is 24877 a composite number?
False
Is 244235 a prime number?
False
Is 6521 composite?
False
Is 479131 prime?
True
Is 197429 prime?
False
Is 8451041 composite?
False
Is 1109 composite?
False
Is 9797 composite?
True
Is 210589 a composite number?
True
Is 48417 a prime number?
False
Is 30341 prime?
True
Is 71867 composite?
False
Is 38945 composite?
True
Is 1901 a composite number?
False
Is 984847 prime?
True
Is 24737 composite?
True
Is 4859 composite?
True
Is 5471 a prime number?
True
Is 2017 prime?
True
Is 206699 a composite number?
False
Is 16673 a prime number?
True
Is 242989 prime?
True
Is 57391 composite?
True
Is 141779 a composite number?
True
Is 84827 a prime number?
True
Is 206249 a prime number?
True
Is 29771 a composite number?
True
Is 17213 composite?
True
Is 59155 a prime number?
False
Is 285007 a prime number?
True
Is 28949 a composite number?
False
Is 53609 composite?
False
Is 153611 a prime number?
True
Is 4022 a composite number?
True
Is 639802 composite?
True
Is 81383 composite?
True
Is 1603 prime?
False
Is 340757 a composite number?
False
Is 3821 a prime number?
True
Is 53561 prime?
False
Is 444253 a composite number?
False
Is 6313 a composite number?
True
Is 64711 a composite number?
True
Is 14051 a composite number?
False
Is 19661 composite?
False
Is 492263 prime?
False
Is 14486 a prime number?
False
Is 286799 prime?
False
Is 22303 prime?
True
Is 2461489 prime?
True
Is 16333 prime?
True
Is 1529357 prime?
True
Is 633923 a composite number?
False
Is 39079 composite?
False
Is 80021 composite?
False
Is 190483 a composite number?
True
Is 5779 prime?
True
Is 40667 composite?
True
Is 20877 a prime number?
False
Is 213569 prime?
False
Is 136663 a composite number?
True
Is 4861 a prime number?
True
Is 9193 a composite number?
True
Is 237509 a prime number?
True
Is 282407 prime?
True
Is 1391 a composite number?
True
Is 10198 a composite number?
True
Is 1087 a prime number?
True
Is 39029 a prime number?
False
Is 2546191 a prime number?
False
Is 58549 prime?
True
Is 61909 prime?
True
Is 16493 composite?
False
Is 10411 a composite number?
True
Is 250961 a composite number?
True
Is 157007 prime?
True
Is 19127 a prime number?
False
Is 142351 a composite number?
True
Is 50411 a composite number?
False
Is 13027 a composite number?
True
Is 3055357 prime?
True
Is 244943 a composite number?
False
Is 8563 a composite number?
False
Is 7313 a prime number?
False
Is 10541 prime?
False
Is 9157 a prime number?
True
Is 750593 prime?
False
Is 147701 a prime number?
False
Is 193663 a composite number?
False
Is 111409 a composite number?
False
Is 35747 prime?
True
Is 4073 a prime number?
True
Is 9029 a prime number?
True
Is 311 prime?
True
Is 14969 a composite number?
False
Is 1234271 a composite number?
False
Is 296437 a composite number?
False
Is 12223 prime?
False
Is 60493 prime?
True
Is 137758 composite?
True
Is 359851 prime?
True
Is 2407 composite?
True
Is 650591 composite?
False
Is 16741 a composite number?
False
Is 9098 a composite number?
True
Is 165037 a composite number?
False
Is 10061 composite?
False
Is 25537 composite?
False
Is 458099 prime?
False
Is 3841 prime?
False
Is 5938 a composite number?
True
Is 1419598 composite?
True
Is 789241 a prime number?
False
Is 308281 a composite number?
True
Is 87082 a composite number?
True
Is 22702 a prime number?
False
Is 23347 composite?
True
Is 183 prime?
False
Is 68591 a prime number?
False
Is 298817 a prime number?
True
Is 40322 prime?
False
Is 22757 composite?
True
Is 173467 a composite number?
True
Is 47191 a composite number?
True
Is 2521 composite?
False
Is 47923 a composite number?
True
Is 240823 a prime number?
False
Is 14759 a prime number?
True
Is 211 prime?
True
Is 111598 prime?
False
Is 112061 a prime number?
True
Is 1599407 prime?
True
Is 3193 composite?
True
Is 53441 a composite number?
False
Is 289694 prime?
False
Is 29117 a composite number?
True
Is 18673 prime?
False
Is 13291 prime?
True
Is 7993 a prime number?
True
Is 5879 a composite number?
False
Is 278011 a prime number?
False
Is 43 a prime number?
True
Is 20534 a composite number?
True
Is 31235 prime?
False
Is 9371 a composite number?
False
Is 797947 a composite number?
False
Is 375259 prime?
True
Is 216481 a prime number?
True
Is 554051 a prime number?
True
Is 583 a composite number?
True
Is 31667 a prime number?
True
Is 12137 composite?
True
Is 14369 prime?
True
Is 358541 a composite number?
False
Is 32771 a composite number?
False
Is 56881 composite?
True
Is 34421 a composite number?
False
Is 2099 a prime number?
True
Is 79967 a composite number?
False
Is 834857 a composite number?
F